u**2 - u. Let t(o) = 6*o**2 - 16*o - 11. Let g(l) = 5*p(l) - t(l). Let c be g(10). What is the highest common factor of 7 and c?
7
Let w(z) = z + 10. Let j be w(-8). Suppose -3*c - 2*c = -j*s - 33, -4*s - 31 = -3*c. Calculate the highest common divisor of 1 and c.
1
Suppose 8*u + 19 = 91. What is the highest common factor of 6 and u?
3
Let l be 13 - (3 + 3/3). Calculate the greatest common factor of 27 and l.
9
Suppose -5*u - 32 = 63. Let i be 2 + 31 + (-1 - -1). Let b = i + u. What is the highest common factor of b and 42?
14
Let b be (0 - 1/1) + 20. Let z be ((-8)/(-20))/((-3)/(-1425)). Calculate the greatest common factor of z and b.
19
Let c be (33/44)/(1/(-4)) + 103. Calculate the greatest common divisor of c and 20.
20
Let u(h) = h**2 + 6*h - 6. Let d be u(-5). Let n = 2 + d. Let t = -5 - n. Calculate the highest common divisor of t and 1.
1
Let i(w) = w + 19. Let y be i(-13). Let v(x) = 4*x - 4. Let c be v(y). Calculate the highest common divisor of c and 4.
4
Suppose -f + 7 = -0*f. Let c be ((-126)/(-27))/(4/6). What is the highest common divisor of f and c?
7
Let d = -8 - -14. Suppose d = 6*m - 4*m. Let f be (m + -4)/((-2)/54). Calculate the greatest common factor of 18 and f.
9
Let v(c) = -c**3 + 13*c**2 - 11*c - 3. Let d be v(12). Calculate the greatest common factor of d and 27.
9
Let c be (19 - 1)/(24/12). Calculate the greatest common factor of 1 and c.
1
Suppose i - 4*p = -11, -6 = -3*i + 2*p + 11. Let z = 25 - 24. Calculate the highest common divisor of z and i.
1
Let z(l) = -l**3 + 8*l**2 - 8*l + 8. Let s be z(7). Calculate the greatest common factor of 11 and s.
1
Let j = 30 + -9. Calculate the greatest common factor of j and 14.
7
Let b(m) = -6*m - 51. Let j be b(-10). Let d(o) = 17*o**3 + o**2 + o - 1. Let x be d(1). Calculate the greatest common factor of j and x.
9
Let f = 125 - 75. Suppose -2*t = 2*t. Let k = t + f. What is the greatest common factor of 25 and k?
25
Suppose 8 - 23 = -5*d. Suppose 0 = -d*n + 4*n - 4, 5*n + 52 = 4*k. What is the greatest common divisor of 144 and k?
18
Let z = 671 + -451. What is the highest common factor of z and 20?
20
Let m be 6/4 + (-1)/(-2). Let y be 22 + (-3)/(3/m). Let k be 5 - ((-138)/3 - -1). Calculate the highest common factor of y and k.
10
Let w be 1/(-5) + (-543)/(-15). Let f(i) = -i**2 + 7*i - 3. Suppose 4*x - 12 = x. Let y be f(x). Calculate the highest common factor of w and y.
9
Let y(p) = -11*p. Let f be y(-2). Calculate the greatest common factor of 2 and f.
2
Suppose -2*j + 42 = j + 3*m, 62 = 5*j - 3*m. Suppose 7*l = 4*l + 429. What is the greatest common factor of j and l?
13
Let v be -5 + (-63)/(-12) - 126/(-8). What is the greatest common factor of 2 and v?
2
Let n = 561 + -374. Calculate the greatest common factor of n and 17.
17
Suppose 4*o - 2*y = 210, -2*o - 3*y - y + 80 = 0. Calculate the greatest common divisor of o and 125.
25
Let n be 3*(-1 + (-15)/(-9)). Suppose -36 = -n*r + 6. Calculate the greatest common factor of r and 105.
21
Suppose 2*i - 24 = -2*i. Let t be (-310)/(-7) + i/(-21). What is the greatest common divisor of 11 and t?
11
Suppose -j = 3*j + 56. Let u = 30 + j. What is the highest common divisor of u and 8?
8
Let l = -38 + 72. Suppose -6 = 2*s - l. What is the highest common divisor of 7 and s?
7
Let c = 37 + -24. Calculate the greatest common factor of 65 and c.
13
Suppose -3*a - 6 = -3*x, -2*a + 3*x + 1 = -6*a. Let p be (-16)/((-2)/(-5)*a). What is the highest common divisor of p and 16?
8
Let d be (-2*12/(-2))/2. Let c be (-4)/(-14) + (-122)/(-14). What is the highest common divisor of c and d?
3
Let m = 46 + -22. What is the greatest common factor of 12 and m?
12
Suppose 0 = 4*r + 3*j - 174, 0*r - 5*r + 217 = 4*j. Let f = 1 - 8. Let m = f + 16. Calculate the highest common divisor of r and m.
9
Let a be -1 - (-1)/1 - -154. Suppose -4*s + 3*u + 94 = 0, 3*s - 4 = -3*u + 56. What is the greatest common divisor of a and s?
22
Suppose 0 = 3*c - 5*v - 86 + 21, -v = c - 35. Calculate the highest common divisor of c and 12.
6
Suppose -4*n + 268 = -56. Calculate the greatest common divisor of 18 and n.
9
Suppose 3*y = y. Suppose 5*c + 5 - 50 = y. Suppose -5*v - 5*j = -35, -4*j + j - c = -3*v. What is the highest common factor of v and 10?
5
Suppose 0 = -4*o - 96 + 292. Let u = 5 - 3. Suppose w - u = 5. What is the highest common divisor of w and o?
7
Let l = -120 - -137. Let z be (-14 - 0 - 1)*-1. Suppose -z = -2*s + 19. What is the highest common divisor of s and l?
17
Let s be ((-6)/5)/(7/(-105)). Let d be 2/5 - (-26)/10. Suppose w = 0, 3*z - 477 = -d*w + 117. What is the greatest common divisor of s and z?
18
Let n be 1*16 + (0 - -2). Let c be (n/4)/(9/84). Let k be (-14)/(-4)*12/7. What is the greatest common divisor of k and c?
6
Let b(f) = -36*f + 3. Let u be b(8). Let j be (-2)/(-8) - u/12. What is the greatest common divisor of j and 36?
12
Let p = 2 - 2. Suppose 5*o + p*h = 3*h + 1, 13 = 5*o + h. Let z be o + 0 - 0/2. Calculate the greatest common divisor of z and 8.
2
Let n be (4/6)/(4/6). Let t(w) = -w + 12. Let o be t(3). Let l = o - n. Calculate the highest common divisor of l and 2.
2
Let p = 54 - 36. What is the greatest common divisor of p and 2?
2
Let y(g) = g + 7. Let z be y(-5). Suppose 7*n - 275 = z*n. Suppose 6*c = c + n. What is the greatest common factor of c and 55?
11
Suppose 10 = -4*q - 34. Let g = 23 + q. What is the highest common divisor of g and 108?
12
Let o = -7 - -5. Let b(q) = 7*q**2 + 2*q - 2. Let u be b(o). Suppose -44 = -v + u. Calculate the highest common divisor of 6 and v.
6
Suppose -3*k = -4 - 8. Let j be (6 - 0)/(6/k). Suppose b - j = -b. What is the highest common divisor of b and 3?
1
Let v be (-3)/15 - (-2072)/10. What is the highest common factor of 23 and v?
23
Suppose -4*s + 7 + 9 = 0. Let x = s + 35. Let u = 66 - 40. What is the highest common divisor of u and x?
13
Suppose -2*g - 3*g = -10. Suppose 3*h - 5*s - 205 = 0, g*s = -2*s + 4. What is the greatest common divisor of h and 14?
14
Let u be (0 + 3 - 4) + 16. Suppose 1 = 2*d - 3. Suppose -5*x + 596 = 4*g, -g = 3*x + d*g - 357. Calculate the highest common divisor of u and x.
15
Suppose -5*l - 3*m = -56, l + 5*m - 20 = -0*l. Let w = -8 + 3. Let c = w + 9. What is the highest common factor of l and c?
2
Let c be (2 + -1)*693/7. What is the greatest common divisor of c and 9?
9
Let h(l) = -l**3 - 3*l**2 - 6*l - 8. Let b be h(-4). Calculate the greatest common factor of b and 4.
4
Let s = -6 + 15. Let d(v) = 2*v**2 - 13*v + 7. Let a be d(s). Calculate the highest common factor of 13 and a.
13
Suppose 0 = -t - q + 6, -2*t - 5*q - 6 = -21. Suppose -t*a = -0*a - 105. Suppose -d + 3*d = 126. Calculate the greatest common divisor of a and d.
21
Let i be 0 - ((-90)/21 - 4/(-14)). What is the greatest common divisor of i and 16?
4
Suppose -d + 5*c - 20 = 0, 7*c = -5*d + 2*c + 20. Suppose -x - x + 20 = d. Suppose -3*j + 31 - x = 0. What is the highest common factor of 14 and j?
7
Let v = 9 - 0. What is the highest common factor of 72 and v?
9
Let b(c) = -3*c - 9. Let z(o) = -2*o + 2. Let t be z(4). Let u be b(t). Let l = 9 + 0. Calculate the greatest common divisor of u and l.
9
Let z(x) be the second derivative of x**5/20 + x**4/2 + x**3/2 + 2*x**2 + 3*x. Let k be z(-5). Calculate the highest common divisor of 112 and k.
14
Let g(t) = t**3 - 16*t**2 - 17*t + 42. Let j be g(17). What is the greatest common factor of 14 and j?
14
Let l(z) = 11*z + 2. Let u be l(2). Let i = -7 + 13. Calculate the highest common factor of u and i.
6
Let l(a) = -6 + 8*a**2 + a**3 + 7 - 3*a + 5. Let g be l(-6). What is the greatest common factor of g and 12?
12
Let x(v) = -v**3 + 2*v**2 + 2*v + 2. Let r be x(3). Let f = r - 3. Let o be (6/f)/((-12)/832). Calculate the highest common factor of o and 13.
13
Let d(s) = 17*s**2 + 1. Let r be d(-1). What is the greatest common divisor of 144 and r?
18
Let b(n) = n**3 - 2*n**2 + 3*n. Let k be b(3). What is the highest common divisor of k and 6?
6
Let m be (-18)/6 + (83 - 0). Suppose -2*r - 2*f - 3*f + m = 0, -170 = -3*r + 5*f. Calculate the highest common divisor of 20 and r.
10
Suppose 27*m = 21*m + 60. What is the highest common divisor of 40 and m?
10
Suppose -2*g + 4*g = 84. Calculate the greatest common factor of 24 and g.
6
